13) is divided by 9.
6
Let v(z) = z + 5. Let a be v(-3). Suppose 2*n = m - 43, m = -3*m - a*n + 152. What is the remainder when m is divided by 10?
9
Let q(c) = c**2 - 8*c - 19. What is the remainder when 24 is divided by q(-3)?
10
Suppose -4*d + 138 = -10*f + 5*f, 0 = -5*d - 4*f + 152. Calculate the remainder when d is divided by 11.
10
Calculate the remainder when 35 + -4 - (-2)/(2/(-2)) is divided by 10.
9
Let n(a) = 6*a - 2. Let w be n(1). Suppose -6*k = -u - 3*k + 11, 3*u + 5*k = 5. What is the remainder when (-55)/(-4) + 1/w is divided by u?
4
Suppose -2*h + 27 = m + 5, 5*h = 2*m - 17. What is the remainder when m is divided by 6?
4
Let d(q) = -13*q - 7. Calculate the remainder when 61 is divided by d(-3).
29
Let l = -34 + 79. Suppose -l = -5*k + 15. Calculate the remainder when (10/(-30))/(2/(-18)) - -31 is divided by k.
10
Suppose -5*x = -13 + 3, -b + x - 8 = 0. Let o(u) = -u + 3. Calculate the remainder when o(b) is divided by 6.
3
Suppose r + 2*q + 26 = 5*r, 2*r - 3*q = 23. Suppose r*i - 75 = 1. What is the remainder when 11/(2/(9 - -1)) is divided by i?
17
Let x be (-12)/10*(-75)/6. Suppose -2*z + 3*z - x = 0. Let q = z - 6. Calculate the remainder when 33 is divided by q.
6
Let u(j) = 8*j - 2. Let v be u(-4). Let k = v + 58. Let l = 12 - -1. What is the remainder when k is divided by l?
11
Suppose 2*i + 57 = 5*o, 0 = 3*o - 0*o + 3*i - 30. Let q = -2 + o. Let h = 29 - q. Calculate the remainder when 38 is divided by h.
18
Let p be (-12)/(-20) - (-4)/10. Calculate the remainder when 50 is divided by 1 + -4 + p*16.
11
Let a(r) = -r**2 - 19*r - 53. Calculate the remainder when 63 is divided by a(-14).
12
Suppose -2*b = -b. Suppose 3*f + b*f = 72. Calculate the remainder when 93 is divided by f.
21
Let i(m) = m + 11. What is the remainder when 5 is divided by i(-8)?
2
Let s = 2 - -16. Suppose -3*w + 72 = -138. Calculate the remainder when w is divided by s.
16
Let g = 8 - 5. Suppose 4*u - i - 15 = 0, 0 = -5*u + 2*u - 5*i + 40. What is the remainder when 37/g + 6/9 is divided by u?
3
Let j = 18 + -13. Calculate the remainder when j is divided by 4.
1
Calculate the remainder when 22 is divided by (-135)/(-20)*8/6.
4
Suppose 2*o = -r - 3*o + 31, 0 = -5*r + 5*o + 95. Calculate the remainder when 60 is divided by r.
18
Let d = -102 - -150. What is the remainder when d is divided by 10?
8
Suppose 4*o - 2*r + 1 = 17, 0 = r. Suppose 0*b - 2*b + 26 = 0. What is the remainder when b is divided by o?
1
Suppose -5*h + 9 = -31. Suppose -i = -x - 3*x + 176, -h = -2*i. Let z(r) = -r**3 - 6*r**2 + 7*r + 12. What is the remainder when x is divided by z(-7)?
9
Suppose 4*l + 3*k - 5*k - 8 = 0, 3*l = -3*k + 24. Let g be 1/(-2*2/(-4)). Let i = g - -4. What is the remainder when i is divided by l?
1
Suppose 27 = 5*h + 2. Suppose s - 3 = h. Suppose s*u + 4*j = 5*u + 40, -45 = -3*u - 3*j. What is the remainder when 38 is divided by u?
18
Suppose -k + 153 - 32 = 0. Calculate the remainder when k is divided by 31.
28
What is the remainder when (41 + 1)*(-22 + 23) is divided by 15?
12
Suppose 0 = -m + 4*v + 19, -2*m + 3*m - 3*v - 15 = 0. Suppose 0 = 2*o - 4*n - 98, m*o - n - 146 = 4*n. Calculate the remainder when o is divided by 16.
15
Let h = 7 - 0. Suppose h*x = 2*x + 85. Calculate the remainder when x is divided by 9.
8
Suppose s + 4 = 0, -5*s = -4*i - 4*s + 76. Suppose 33 = 2*x - l, 5*x - 59 - 1 = -2*l. Let m = -4 + x. Calculate the remainder when i is divided by m.
8
Let q(n) = -n + 2. Calculate the remainder when 13 is divided by q(-8).
3
Suppose 3*g - a - 69 = g, g - 42 = 3*a. Calculate the remainder when g is divided by 9.
6
Let c(z) = z**2 - 2*z - 3. Let q(x) = -x**2 - 10*x - 4. What is the remainder when q(-7) is divided by c(-2)?
2
Let s be 22 + (2/(-2) - -3). Let m = 10 + s. What is the remainder when m is divided by 12?
10
Suppose i - 3 + 1 = 0. Let n(r) = r**3 - 4*r**2 + 4*r. What is the remainder when n(3) is divided by i?
1
Let r = 119 - 95. Calculate the remainder when 263 is divided by r.
23
Suppose -10*g + 45 = -9*g. Calculate the remainder when 87 is divided by g.
42
Suppose 113 - 3 = 5*z. What is the remainder when 87 is divided by z?
21
Calculate the remainder when (-12)/(-4) - (-29 + 1) is divided by 11.
9
Let t(d) = 16*d**2 + 4*d - 13. Calculate the remainder when t(3) is divided by 49.
45
Let m(l) = l**2 + 5*l. Let h(w) be the second derivative of -w**4/12 + 13*w**3/6 + 13*w**2/2 + 7*w. Calculate the remainder when m(5) is divided by h(13).
11
Let d(b) = 4*b**3 - 3*b**2 + 70. Let o(f) = -f**3 + f**2 - 1. Let k(p) = d(p) + 3*o(p). Calculate the remainder when k(0) is divided by 23.
21
Let f(v) be the first derivative of -v**4/4 + 2*v**3 + v**2 - 6*v + 3. Let h(l) = 2*l - 2. Let g be h(4). What is the remainder when 11 is divided by f(g)?
5
Suppose z - 130 = -0*x + 2*x, -5*z + 650 = 2*x. What is the remainder when 3/(-2) - z/(-4) is divided by 8?
7
Let j = -19 - -27. What is the remainder when 31 is divided by j?
7
Let q = 32 - 19. Let o = -1199 + 1206. What is the remainder when q is divided by o?
6
Suppose 0 = 3*l - d - d - 74, -l = 3*d - 10. What is the remainder when 152 is divided by l?
20
Let m = 101 + -69. What is the remainder when 63 is divided by m?
31
Suppose -29*p + 140 = -22*p. What is the remainder when p is divided by 11?
9
Let k(t) = t**2 - 46. Let c = 6 + 13. What is the remainder when k(10) is divided by c?
16
Let g(o) be the second derivative of 2*o + 9/2*o**2 + 0 - 7/6*o**3 - 1/12*o**4. Calculate the remainder when 33 is divided by g(-7).
6
Calculate the remainder when 22/(-8)*(-1 + -11) is divided by 12.
9
Let l = 237 + -140. Calculate the remainder when 36 is divided by l/5 + 14/(-35).
17
Let l(g) = -3*g**3. Let v be l(-1). Suppose v*i - 36 = -15. Suppose 4*j + j = 95. Calculate the remainder when j is divided by i.
5
Let n(u) = -u**3 + 5*u**2 - 3*u + 1. Let d be n(3). Let o = d - 3. What is the remainder when o is divided by 4?
3
Suppose 2*o - 4*o = 2. Calculate the remainder when 30 is divided by (-16)/(-1 + (-1 - o)).
14
Let h = 12 + 3. Let p be 3/((h/4)/5). Let q = 60 - p. What is the remainder when q is divided by 19?
18
Let w = 7 + -14. Let h = w - -23. Suppose 12 = 5*s - 3*s. What is the remainder when h is divided by s?
4
Let a(j) = 76*j**2 + j. Let q be 2*((-4)/(-8) + 0). What is the remainder when a(q) is divided by 20?
17
Let w be 1 + (6/3 - 0). Suppose w*u - 5*u + 44 = 0. Calculate the remainder when u is divided by 6.
4
Let t = 45 - 36. Calculate the remainder when t is divided by 6.
3
Suppose 160 = 5*x + c + c, 2*c + 160 = 5*x. Calculate the remainder when 59 is divided by x.
27
Let h(f) = -3*f + 18. What is the remainder when (6 - 1)*(-138)/(-15) is divided by h(2)?
10
Suppose t + 3*f = 9, 3*t - 4 + 19 = 5*f. Suppose t*k = 2*k. Suppose -2*m + 12 + 46 = k. Calculate the remainder when m is divided by 15.
14
Let v = 33 + -18. Let i be (-13)/(0 + (4 - 3)). What is the remainder when (-362)/i - 12/(-78) is divided by v?
13
Let t = -1 - -6. Calculate the remainder when t is divided by 4.
1
Suppose 4*l - 17 = 7. What is the remainder when 16 is divided by l?
4
Suppose 3*r + 125 = 2*m, 4*r + 0*r - 240 = -4*m. Calculate the remainder when m is divided by 16.
13
Let o(j) = -4*j. Let a be o(-2). Suppose a = d + 3*d. Calculate the remainder when 6 is divided by d.
0
Suppose 2*s = -3*s + 20. Suppose -3*x - 107 = -4*n, -s*n = 3*x + x - 128. What is the remainder when n is divided by 0 + 0 + 1 + 14?
14
Suppose -2*k + 5*h + 25 = 0, -5*k = -2*h - 106 + 12. Calculate the remainder when k is divided by 11.
9
Suppose -q + 0*v - 2*v + 1 = 0, -v = 4. What is the remainder when 34 is divided by q?
7
Suppose -3*k - k = -f - 2, 2*f - 26 = 2*k. Let b(x) = x**3 + 6*x**2 - 2*x - 5. Let p be -4*((-1 - -2) + 0). What is the remainder when b(p) is divided by f?
17
Let h(l) = l - 5. Let t be 5 - 5/(5/2). Calculate the remainder when t*((-20)/(-6) + -2) is divided by h(7).
0
Let a(h) = -h**3 - 2*h**2 + 5*h + 6. What is the remainder when 50 is divided by a(-4)?
14
Suppose 5*k - 26 = 44. Calculate the remainder when 39 is divided by k.
11
Let d(f) = 3*f**3 + 4*f**2 + 2*f - 2. Let k(x) = -x**3. Let h(y) = -d(y) - 5*k(y). Let m(g) = 6*g**2 - g. What is the remainder when m(-2) is divided by h(3)?
12
Let z(p) be the first derivative 